{"id":482,"date":"2024-02-18T08:30:03","date_gmt":"2024-02-18T08:30:03","guid":{"rendered":"https:\/\/brave-visvesvaraya.82-223-114-116.plesk.page\/?page_id=482"},"modified":"2025-03-09T14:38:25","modified_gmt":"2025-03-09T13:38:25","slug":"seguro-de-esqui","status":"publish","type":"page","link":"https:\/\/balaguergutierrez.es\/index.php\/seguro-de-esqui\/","title":{"rendered":"Seguro de Esqu\u00ed"},"content":{"rendered":"<figure class=\"wp-block-post-featured-image\"><img loading=\"lazy\" decoding=\"async\" width=\"700\" height=\"201\" src=\"https:\/\/balaguergutierrez.es\/wp-content\/uploads\/2024\/11\/720300-asistenci-esqui-e1741527423411.jpg\" class=\"attachment-post-thumbnail size-post-thumbnail wp-post-image\" alt=\"Esquiador en las monta\u00f1as asegurado por Balaguer &amp; Guti\u00e9rrez\u200b\" style=\"object-fit:cover;\" srcset=\"https:\/\/balaguergutierrez.es\/wp-content\/uploads\/2024\/11\/720300-asistenci-esqui-e1741527423411.jpg 700w, https:\/\/balaguergutierrez.es\/wp-content\/uploads\/2024\/11\/720300-asistenci-esqui-e1741527423411-300x86.jpg 300w\" sizes=\"auto, (max-width: 700px) 100vw, 700px\" \/><\/figure>\n\n\n<div style=\"height:50px\" aria-hidden=\"true\" class=\"wp-block-spacer\"><\/div>\n\n\n\n<p>Para que tu \u00fanica preocupaci\u00f3n sea decidir si esquiar o surfear, te proponemos nuestra soluci\u00f3n de Seguro de Esqu\u00ed para \u00e9ste temporada. <\/p>\n\n\n\n<p>Entre otras coberturas te ofrecemos:<\/p>\n\n\n\n<ul class=\"wp-block-list\">\n<li><strong>Reintegro del Forfait y\/o clases de esqu\u00ed no utilizados<\/strong>,en el caso de sufrir lesiones que te comporten tu repatriaci\u00f3n o traslado o si regresas anticipadamente, se reembolsar\u00e1 la parte proporcional del importe del forfait y\/o clases por los d\u00edas que ya no utilizar\u00e1s hasta el l\u00edmite m\u00e1ximo contratado.<\/li>\n\n\n\n<li><strong>Rescate en Pistas<\/strong>,&nbsp;como consecuencia de un accidente en las pistas de esqu\u00ed, dentro del l\u00edmite marcado y balizado por la propia Estaci\u00f3n de Esqu\u00ed, le son reclamadas o incurre en gastos de rescate en trineo, helic\u00f3ptero o traslado en ambulancia en el interior del recinto de la estaci\u00f3n de esqu\u00ed, se har\u00e1 cargo de los mismos, hasta la cantidad contratada.<\/li>\n<\/ul>\n\n\n\n<p>Y muchas m\u00e1s.&nbsp;<\/p>\n\n\n\n<p>Puedes contratar tu p\u00f3liza por cada escapada, o si eres de los que aprovechan a tope la temporada de esqu\u00ed pregunta por nuestras ofertas para toda la temporada.<\/p>\n\n\n\n<hr class=\"wp-block-separator has-text-color has-vivid-red-color has-alpha-channel-opacity has-vivid-red-background-color has-background is-style-wide\"\/>\n\n\n\n<div class=\"wp-block-buttons is-content-justification-center is-layout-flex wp-container-core-buttons-is-layout-16018d1d wp-block-buttons-is-layout-flex\">\n<div class=\"wp-block-button\"><a class=\"wp-block-button__link has-white-color has-vivid-red-background-color has-text-color has-background has-link-color wp-element-button\" href=\"https:\/\/forms.office.com\/e\/L9vidSmtAU\" target=\"_blank\" rel=\" noreferrer noopener nofollow\">Solicita tu Presupuesto<\/a><\/div>\n<\/div>\n\n\n\n<hr class=\"wp-block-separator has-text-color has-vivid-red-color has-alpha-channel-opacity has-vivid-red-background-color has-background is-style-wide\"\/>\n\n\n<ul class=\"wp-block-latest-posts__list is-grid columns-3 has-dates wp-block-latest-posts\"><li><div class=\"wp-block-latest-posts__featured-image aligncenter\"><img loading=\"lazy\" decoding=\"async\" width=\"150\" height=\"150\" src=\"https:\/\/balaguergutierrez.es\/wp-content\/uploads\/2026\/01\/250804-BALAGUER-GUTIERREZ_MEME-RRSS-V2-150x150.webp\" class=\"attachment-thumbnail size-thumbnail wp-post-image\" alt=\"\u00danico n\u00famero de contacto (+34 971 451 651) y App de cliente de Balaguer &amp; Guti\u00e9rrez en Palma de Mallorca\" style=\"\" srcset=\"https:\/\/balaguergutierrez.es\/wp-content\/uploads\/2026\/01\/250804-BALAGUER-GUTIERREZ_MEME-RRSS-V2-150x150.webp 150w, https:\/\/balaguergutierrez.es\/wp-content\/uploads\/2026\/01\/250804-BALAGUER-GUTIERREZ_MEME-RRSS-V2-300x300.webp 300w, https:\/\/balaguergutierrez.es\/wp-content\/uploads\/2026\/01\/250804-BALAGUER-GUTIERREZ_MEME-RRSS-V2-230x230.webp 230w, https:\/\/balaguergutierrez.es\/wp-content\/uploads\/2026\/01\/250804-BALAGUER-GUTIERREZ_MEME-RRSS-V2-365x365.webp 365w, https:\/\/balaguergutierrez.es\/wp-content\/uploads\/2026\/01\/250804-BALAGUER-GUTIERREZ_MEME-RRSS-V2.webp 600w\" sizes=\"auto, (max-width: 150px) 100vw, 150px\" \/><\/div><a class=\"wp-block-latest-posts__post-title\" href=\"https:\/\/balaguergutierrez.es\/index.php\/2026\/01\/29\/unico-numero-whatsapp-fijo-app-cliente\/\">Un \u00fanico n\u00famero para llamadas y WhatsApp (+34 971 451 651) y nuestra nueva App de cliente<\/a><time datetime=\"2026-01-29T12:00:00+01:00\" class=\"wp-block-latest-posts__post-date\">29 de enero de 2026<\/time><div class=\"wp-block-latest-posts__post-excerpt\">A partir del 1 de febrero de 2026, simplificamos tu forma de contactarnos: el \u00fanico n\u00famero de Balaguer &amp; Guti\u00e9rrez (llamadas y WhatsApp) es +34<\/div><\/li>\n<li><div class=\"wp-block-latest-posts__featured-image aligncenter\"><img loading=\"lazy\" decoding=\"async\" width=\"150\" height=\"150\" src=\"https:\/\/balaguergutierrez.es\/wp-content\/uploads\/2025\/12\/seguro-viaje-baleares-2025-150x150.webp\" class=\"attachment-thumbnail size-thumbnail wp-post-image\" alt=\"Familia sonriente con maletas en aeropuerto listo para viajar\" style=\"\" srcset=\"https:\/\/balaguergutierrez.es\/wp-content\/uploads\/2025\/12\/seguro-viaje-baleares-2025-150x150.webp 150w, https:\/\/balaguergutierrez.es\/wp-content\/uploads\/2025\/12\/seguro-viaje-baleares-2025-230x230.webp 230w, https:\/\/balaguergutierrez.es\/wp-content\/uploads\/2025\/12\/seguro-viaje-baleares-2025-365x365.webp 365w\" sizes=\"auto, (max-width: 150px) 100vw, 150px\" \/><\/div><a class=\"wp-block-latest-posts__post-title\" href=\"https:\/\/balaguergutierrez.es\/index.php\/2025\/12\/22\/por-que-el-seguro-de-viaje-y-salud-es-ahora-imprescindible-para-viajeros\/\">Por qu\u00e9 el Seguro de Viaje y Salud es ahora imprescindible para viajeros<\/a><time datetime=\"2025-12-22T12:00:00+01:00\" class=\"wp-block-latest-posts__post-date\">22 de diciembre de 2025<\/time><div class=\"wp-block-latest-posts__post-excerpt\">El mundo ha vuelto a viajar con fuerza. Esta temporada, m\u00e1s personas est\u00e1n organizando viajes, escapadas y veranos largos fuera de casa. Esta tendencia, confirmada<\/div><\/li>\n<li><div class=\"wp-block-latest-posts__featured-image aligncenter\"><img loading=\"lazy\" decoding=\"async\" width=\"150\" height=\"150\" src=\"https:\/\/balaguergutierrez.es\/wp-content\/uploads\/2024\/02\/PAGINA_SKI-150x150.jpg\" class=\"attachment-thumbnail size-thumbnail wp-post-image\" alt=\"\" style=\"\" srcset=\"https:\/\/balaguergutierrez.es\/wp-content\/uploads\/2024\/02\/PAGINA_SKI-150x150.jpg 150w, https:\/\/balaguergutierrez.es\/wp-content\/uploads\/2024\/02\/PAGINA_SKI-230x230.jpg 230w\" sizes=\"auto, (max-width: 150px) 100vw, 150px\" \/><\/div><a class=\"wp-block-latest-posts__post-title\" href=\"https:\/\/balaguergutierrez.es\/index.php\/2025\/12\/05\/seguro-de-asistencia-para-esquiadores-viaja-tranquilo\/\">Seguro de asistencia para esquiadores: viaja tranquilo<\/a><time datetime=\"2025-12-05T12:11:15+01:00\" class=\"wp-block-latest-posts__post-date\">5 de diciembre de 2025<\/time><div class=\"wp-block-latest-posts__post-excerpt\">Esquiar es libertad\u2026 hasta que algo se tuerce. Una ca\u00edda, un rescate en pistas, una fractura lejos de casa o un forfait perdido pueden convertir<\/div><\/li>\n<li><div class=\"wp-block-latest-posts__featured-image aligncenter\"><img loading=\"lazy\" decoding=\"async\" width=\"150\" height=\"150\" src=\"https:\/\/balaguergutierrez.es\/wp-content\/uploads\/2025\/08\/balaguergutierrez-guia-seguros-palma-2025-150x150.webp\" class=\"attachment-thumbnail size-thumbnail wp-post-image\" alt=\"Corredores de seguros asesorando en Palma sobre hogar, auto, vida, salud y empresa\" style=\"\" srcset=\"https:\/\/balaguergutierrez.es\/wp-content\/uploads\/2025\/08\/balaguergutierrez-guia-seguros-palma-2025-150x150.webp 150w, https:\/\/balaguergutierrez.es\/wp-content\/uploads\/2025\/08\/balaguergutierrez-guia-seguros-palma-2025-230x230.webp 230w, https:\/\/balaguergutierrez.es\/wp-content\/uploads\/2025\/08\/balaguergutierrez-guia-seguros-palma-2025-365x365.webp 365w\" sizes=\"auto, (max-width: 150px) 100vw, 150px\" \/><\/div><a class=\"wp-block-latest-posts__post-title\" href=\"https:\/\/balaguergutierrez.es\/index.php\/2025\/08\/21\/guia-seguros-palma-baleares\/\">Gu\u00eda pr\u00e1ctica de los seguros que ofrecemos en Balaguer &amp; Guti\u00e9rrez<\/a><time datetime=\"2025-08-21T12:44:06+01:00\" class=\"wp-block-latest-posts__post-date\">21 de agosto de 2025<\/time><div class=\"wp-block-latest-posts__post-excerpt\">En Balaguer &amp; Guti\u00e9rrez llevamos m\u00e1s de 30 a\u00f1os ayudando a personas, aut\u00f3nomos y empresas de Baleares a asegurar lo importante sin complicaciones. Como Corredur\u00eda<\/div><\/li>\n<\/ul>","protected":false},"excerpt":{"rendered":"<p>Para que tu \u00fanica preocupaci\u00f3n sea decidir si esquiar o surfear, te proponemos nuestra soluci\u00f3n de Seguro de Esqu\u00ed para \u00e9ste temporada. Entre otras coberturas te ofrecemos: Y muchas m\u00e1s.&nbsp; Puedes contratar tu p\u00f3liza por cada escapada, o si eres<\/p>\n","protected":false},"author":1,"featured_media":862,"parent":0,"menu_order":0,"comment_status":"closed","ping_status":"closed","template":"","meta":{"footnotes":""},"class_list":["post-482","page","type-page","status-publish","has-post-thumbnail","hentry","","tg-column-third"],"yoast_head":"<!-- This site is optimized with the Yoast SEO plugin v27.4 - https:\/\/yoast.com\/product\/yoast-seo-wordpress\/ -->\n<title>Seguro de Esqu\u00ed - balaguergutierrez.es<\/title>\n<meta name=\"description\" content=\"Viaja con tranquilidad a la nieve con el seguro de esqu\u00ed de Balaguer &amp; Guti\u00e9rrez. Cobertura m\u00e9dica, accidentes, equipaje y cancelaciones para disfrutar sin preocupaciones.\" \/>\n<meta name=\"robots\" content=\"index, follow, max-snippet:-1, max-image-preview:large, max-video-preview:-1\" \/>\n<link rel=\"canonical\" href=\"https:\/\/balaguergutierrez.es\/index.php\/seguro-de-esqui\/\" \/>\n<meta property=\"og:locale\" content=\"es_ES\" \/>\n<meta property=\"og:type\" content=\"article\" \/>\n<meta property=\"og:title\" content=\"Seguro de Esqu\u00ed - balaguergutierrez.es\" \/>\n<meta property=\"og:description\" content=\"Viaja con tranquilidad a la nieve con el seguro de esqu\u00ed de Balaguer &amp; Guti\u00e9rrez. Cobertura m\u00e9dica, accidentes, equipaje y cancelaciones para disfrutar sin preocupaciones.\" \/>\n<meta property=\"og:url\" content=\"https:\/\/balaguergutierrez.es\/index.php\/seguro-de-esqui\/\" \/>\n<meta property=\"og:site_name\" content=\"balaguergutierrez.es\" \/>\n<meta property=\"article:publisher\" content=\"https:\/\/www.facebook.com\/balaguergutierrezcs\/\" \/>\n<meta property=\"article:modified_time\" content=\"2025-03-09T13:38:25+00:00\" \/>\n<meta property=\"og:image\" content=\"https:\/\/balaguergutierrez.es\/wp-content\/uploads\/2024\/11\/720300-asistenci-esqui-e1741527423411.jpg\" \/>\n\t<meta property=\"og:image:width\" content=\"700\" \/>\n\t<meta property=\"og:image:height\" content=\"201\" \/>\n\t<meta property=\"og:image:type\" content=\"image\/jpeg\" \/>\n<meta name=\"twitter:label1\" content=\"Tiempo de lectura\" \/>\n\t<meta name=\"twitter:data1\" content=\"1 minuto\" \/>\n<script type=\"application\/ld+json\" class=\"yoast-schema-graph\">{\"@context\":\"https:\\\/\\\/schema.org\",\"@graph\":[{\"@type\":\"WebPage\",\"@id\":\"https:\\\/\\\/balaguergutierrez.es\\\/index.php\\\/seguro-de-esqui\\\/\",\"url\":\"https:\\\/\\\/balaguergutierrez.es\\\/index.php\\\/seguro-de-esqui\\\/\",\"name\":\"Seguro de Esqu\u00ed - balaguergutierrez.es\",\"isPartOf\":{\"@id\":\"https:\\\/\\\/balaguergutierrez.es\\\/#website\"},\"primaryImageOfPage\":{\"@id\":\"https:\\\/\\\/balaguergutierrez.es\\\/index.php\\\/seguro-de-esqui\\\/#primaryimage\"},\"image\":{\"@id\":\"https:\\\/\\\/balaguergutierrez.es\\\/index.php\\\/seguro-de-esqui\\\/#primaryimage\"},\"thumbnailUrl\":\"https:\\\/\\\/balaguergutierrez.es\\\/wp-content\\\/uploads\\\/2024\\\/11\\\/720300-asistenci-esqui-e1741527423411.jpg\",\"datePublished\":\"2024-02-18T08:30:03+00:00\",\"dateModified\":\"2025-03-09T13:38:25+00:00\",\"description\":\"Viaja con tranquilidad a la nieve con el seguro de esqu\u00ed de Balaguer & Guti\u00e9rrez. Cobertura m\u00e9dica, accidentes, equipaje y cancelaciones para disfrutar sin preocupaciones.\",\"breadcrumb\":{\"@id\":\"https:\\\/\\\/balaguergutierrez.es\\\/index.php\\\/seguro-de-esqui\\\/#breadcrumb\"},\"inLanguage\":\"es\",\"potentialAction\":[{\"@type\":\"ReadAction\",\"target\":[\"https:\\\/\\\/balaguergutierrez.es\\\/index.php\\\/seguro-de-esqui\\\/\"]}]},{\"@type\":\"ImageObject\",\"inLanguage\":\"es\",\"@id\":\"https:\\\/\\\/balaguergutierrez.es\\\/index.php\\\/seguro-de-esqui\\\/#primaryimage\",\"url\":\"https:\\\/\\\/balaguergutierrez.es\\\/wp-content\\\/uploads\\\/2024\\\/11\\\/720300-asistenci-esqui-e1741527423411.jpg\",\"contentUrl\":\"https:\\\/\\\/balaguergutierrez.es\\\/wp-content\\\/uploads\\\/2024\\\/11\\\/720300-asistenci-esqui-e1741527423411.jpg\",\"width\":700,\"height\":201,\"caption\":\"Esquiador en las monta\u00f1as asegurado por Balaguer & Guti\u00e9rrez\u200b\"},{\"@type\":\"BreadcrumbList\",\"@id\":\"https:\\\/\\\/balaguergutierrez.es\\\/index.php\\\/seguro-de-esqui\\\/#breadcrumb\",\"itemListElement\":[{\"@type\":\"ListItem\",\"position\":1,\"name\":\"Portada\",\"item\":\"https:\\\/\\\/balaguergutierrez.es\\\/\"},{\"@type\":\"ListItem\",\"position\":2,\"name\":\"Seguro de Esqu\u00ed\"}]},{\"@type\":\"WebSite\",\"@id\":\"https:\\\/\\\/balaguergutierrez.es\\\/#website\",\"url\":\"https:\\\/\\\/balaguergutierrez.es\\\/\",\"name\":\"Balaguer & Guti\u00e9rrez, Corredur\u00eda de Seguros\",\"description\":\"Aseguramos lo que de verdad importa\",\"publisher\":{\"@id\":\"https:\\\/\\\/balaguergutierrez.es\\\/#organization\"},\"potentialAction\":[{\"@type\":\"SearchAction\",\"target\":{\"@type\":\"EntryPoint\",\"urlTemplate\":\"https:\\\/\\\/balaguergutierrez.es\\\/?s={search_term_string}\"},\"query-input\":{\"@type\":\"PropertyValueSpecification\",\"valueRequired\":true,\"valueName\":\"search_term_string\"}}],\"inLanguage\":\"es\"},{\"@type\":\"Organization\",\"@id\":\"https:\\\/\\\/balaguergutierrez.es\\\/#organization\",\"name\":\"Balaguer & Guti\u00e9rrez SL\",\"url\":\"https:\\\/\\\/balaguergutierrez.es\\\/\",\"logo\":{\"@type\":\"ImageObject\",\"inLanguage\":\"es\",\"@id\":\"https:\\\/\\\/balaguergutierrez.es\\\/#\\\/schema\\\/logo\\\/image\\\/\",\"url\":\"https:\\\/\\\/balaguergutierrez.es\\\/wp-content\\\/uploads\\\/2023\\\/03\\\/bg2014-Personalizado-1.png\",\"contentUrl\":\"https:\\\/\\\/balaguergutierrez.es\\\/wp-content\\\/uploads\\\/2023\\\/03\\\/bg2014-Personalizado-1.png\",\"width\":300,\"height\":56,\"caption\":\"Balaguer & Guti\u00e9rrez SL\"},\"image\":{\"@id\":\"https:\\\/\\\/balaguergutierrez.es\\\/#\\\/schema\\\/logo\\\/image\\\/\"},\"sameAs\":[\"https:\\\/\\\/www.facebook.com\\\/balaguergutierrezcs\\\/\",\"https:\\\/\\\/www.instagram.com\\\/balaguergutierrezsl\\\/\"]}]}<\/script>\n<!-- \/ Yoast SEO plugin. -->","yoast_head_json":{"title":"Seguro de Esqu\u00ed - balaguergutierrez.es","description":"Viaja con tranquilidad a la nieve con el seguro de esqu\u00ed de Balaguer & Guti\u00e9rrez. Cobertura m\u00e9dica, accidentes, equipaje y cancelaciones para disfrutar sin preocupaciones.","robots":{"index":"index","follow":"follow","max-snippet":"max-snippet:-1","max-image-preview":"max-image-preview:large","max-video-preview":"max-video-preview:-1"},"canonical":"https:\/\/balaguergutierrez.es\/index.php\/seguro-de-esqui\/","og_locale":"es_ES","og_type":"article","og_title":"Seguro de Esqu\u00ed - balaguergutierrez.es","og_description":"Viaja con tranquilidad a la nieve con el seguro de esqu\u00ed de Balaguer & Guti\u00e9rrez. Cobertura m\u00e9dica, accidentes, equipaje y cancelaciones para disfrutar sin preocupaciones.","og_url":"https:\/\/balaguergutierrez.es\/index.php\/seguro-de-esqui\/","og_site_name":"balaguergutierrez.es","article_publisher":"https:\/\/www.facebook.com\/balaguergutierrezcs\/","article_modified_time":"2025-03-09T13:38:25+00:00","og_image":[{"width":700,"height":201,"url":"https:\/\/balaguergutierrez.es\/wp-content\/uploads\/2024\/11\/720300-asistenci-esqui-e1741527423411.jpg","type":"image\/jpeg"}],"twitter_misc":{"Tiempo de lectura":"1 minuto"},"schema":{"@context":"https:\/\/schema.org","@graph":[{"@type":"WebPage","@id":"https:\/\/balaguergutierrez.es\/index.php\/seguro-de-esqui\/","url":"https:\/\/balaguergutierrez.es\/index.php\/seguro-de-esqui\/","name":"Seguro de Esqu\u00ed - balaguergutierrez.es","isPartOf":{"@id":"https:\/\/balaguergutierrez.es\/#website"},"primaryImageOfPage":{"@id":"https:\/\/balaguergutierrez.es\/index.php\/seguro-de-esqui\/#primaryimage"},"image":{"@id":"https:\/\/balaguergutierrez.es\/index.php\/seguro-de-esqui\/#primaryimage"},"thumbnailUrl":"https:\/\/balaguergutierrez.es\/wp-content\/uploads\/2024\/11\/720300-asistenci-esqui-e1741527423411.jpg","datePublished":"2024-02-18T08:30:03+00:00","dateModified":"2025-03-09T13:38:25+00:00","description":"Viaja con tranquilidad a la nieve con el seguro de esqu\u00ed de Balaguer & Guti\u00e9rrez. Cobertura m\u00e9dica, accidentes, equipaje y cancelaciones para disfrutar sin preocupaciones.","breadcrumb":{"@id":"https:\/\/balaguergutierrez.es\/index.php\/seguro-de-esqui\/#breadcrumb"},"inLanguage":"es","potentialAction":[{"@type":"ReadAction","target":["https:\/\/balaguergutierrez.es\/index.php\/seguro-de-esqui\/"]}]},{"@type":"ImageObject","inLanguage":"es","@id":"https:\/\/balaguergutierrez.es\/index.php\/seguro-de-esqui\/#primaryimage","url":"https:\/\/balaguergutierrez.es\/wp-content\/uploads\/2024\/11\/720300-asistenci-esqui-e1741527423411.jpg","contentUrl":"https:\/\/balaguergutierrez.es\/wp-content\/uploads\/2024\/11\/720300-asistenci-esqui-e1741527423411.jpg","width":700,"height":201,"caption":"Esquiador en las monta\u00f1as asegurado por Balaguer & Guti\u00e9rrez\u200b"},{"@type":"BreadcrumbList","@id":"https:\/\/balaguergutierrez.es\/index.php\/seguro-de-esqui\/#breadcrumb","itemListElement":[{"@type":"ListItem","position":1,"name":"Portada","item":"https:\/\/balaguergutierrez.es\/"},{"@type":"ListItem","position":2,"name":"Seguro de Esqu\u00ed"}]},{"@type":"WebSite","@id":"https:\/\/balaguergutierrez.es\/#website","url":"https:\/\/balaguergutierrez.es\/","name":"Balaguer & Guti\u00e9rrez, Corredur\u00eda de Seguros","description":"Aseguramos lo que de verdad importa","publisher":{"@id":"https:\/\/balaguergutierrez.es\/#organization"},"potentialAction":[{"@type":"SearchAction","target":{"@type":"EntryPoint","urlTemplate":"https:\/\/balaguergutierrez.es\/?s={search_term_string}"},"query-input":{"@type":"PropertyValueSpecification","valueRequired":true,"valueName":"search_term_string"}}],"inLanguage":"es"},{"@type":"Organization","@id":"https:\/\/balaguergutierrez.es\/#organization","name":"Balaguer & Guti\u00e9rrez SL","url":"https:\/\/balaguergutierrez.es\/","logo":{"@type":"ImageObject","inLanguage":"es","@id":"https:\/\/balaguergutierrez.es\/#\/schema\/logo\/image\/","url":"https:\/\/balaguergutierrez.es\/wp-content\/uploads\/2023\/03\/bg2014-Personalizado-1.png","contentUrl":"https:\/\/balaguergutierrez.es\/wp-content\/uploads\/2023\/03\/bg2014-Personalizado-1.png","width":300,"height":56,"caption":"Balaguer & Guti\u00e9rrez SL"},"image":{"@id":"https:\/\/balaguergutierrez.es\/#\/schema\/logo\/image\/"},"sameAs":["https:\/\/www.facebook.com\/balaguergutierrezcs\/","https:\/\/www.instagram.com\/balaguergutierrezsl\/"]}]}},"_links":{"self":[{"href":"https:\/\/balaguergutierrez.es\/index.php\/wp-json\/wp\/v2\/pages\/482","targetHints":{"allow":["GET"]}}],"collection":[{"href":"https:\/\/balaguergutierrez.es\/index.php\/wp-json\/wp\/v2\/pages"}],"about":[{"href":"https:\/\/balaguergutierrez.es\/index.php\/wp-json\/wp\/v2\/types\/page"}],"author":[{"embeddable":true,"href":"https:\/\/balaguergutierrez.es\/index.php\/wp-json\/wp\/v2\/users\/1"}],"replies":[{"embeddable":true,"href":"https:\/\/balaguergutierrez.es\/index.php\/wp-json\/wp\/v2\/comments?post=482"}],"version-history":[{"count":5,"href":"https:\/\/balaguergutierrez.es\/index.php\/wp-json\/wp\/v2\/pages\/482\/revisions"}],"predecessor-version":[{"id":1048,"href":"https:\/\/balaguergutierrez.es\/index.php\/wp-json\/wp\/v2\/pages\/482\/revisions\/1048"}],"wp:featuredmedia":[{"embeddable":true,"href":"https:\/\/balaguergutierrez.es\/index.php\/wp-json\/wp\/v2\/media\/862"}],"wp:attachment":[{"href":"https:\/\/balaguergutierrez.es\/index.php\/wp-json\/wp\/v2\/media?parent=482"}],"curies":[{"name":"wp","href":"https:\/\/api.w.org\/{rel}","templated":true}]}}