{"id":486,"date":"2024-02-18T09:07:32","date_gmt":"2024-02-18T09:07:32","guid":{"rendered":"https:\/\/brave-visvesvaraya.82-223-114-116.plesk.page\/?page_id=486"},"modified":"2025-04-27T17:54:17","modified_gmt":"2025-04-27T16:54:17","slug":"seguro-de-ciberriesgos","status":"publish","type":"page","link":"https:\/\/balaguergutierrez.es\/index.php\/seguro-de-ciberriesgos\/","title":{"rendered":"Seguro de Ciberriesgos"},"content":{"rendered":"<figure class=\"wp-block-post-featured-image\"><img loading=\"lazy\" decoding=\"async\" sizes=\"auto, (max-width: 700px) 100vw, 700px\" width=\"700\" height=\"201\" src=\"https:\/\/balaguergutierrez.es\/wp-content\/uploads\/2024\/11\/ciberriesgos-e1741528206237.webp\" class=\"attachment-post-thumbnail size-post-thumbnail wp-post-image\" alt=\"Imagen representativa del Seguro de Ciberriesgos, mostrando seguridad y prevenci\u00f3n ante amenazas cibern\u00e9ticas en un entorno empresarial.&quot;\" style=\"object-fit:cover;\" \/><\/figure>\n\n\n<h3 class=\"wp-block-heading has-vivid-red-color has-text-color has-link-color wp-elements-79b8289f183cefa0d482e5abb3a9f842\"><strong>Seguro de Ciberriesgos: Protege tu empresa frente a las amenazas digitales<\/strong><\/h3>\n\n\n\n<p>En el entorno digital actual, los ciberriesgos son una amenaza real para empresas de todos los tama\u00f1os. Desde bloqueos en servidores y equipos (criptovirus) hasta el robo de informaci\u00f3n confidencial o datos financieros de clientes, pasando por fraudes inform\u00e1ticos y espionaje industrial, las consecuencias de un ciberataque pueden ser devastadoras.<\/p>\n\n\n\n<p>Un incidente de este tipo no solo paraliza la actividad de tu empresa, sino que tambi\u00e9n genera <strong>p\u00e9rdidas econ\u00f3micas, reputacionales<\/strong> y de confianza que pueden poner en peligro la continuidad del negocio.<\/p>\n\n\n\n<p>En <strong>Balaguer &amp; Guti\u00e9rrez<\/strong>, somos conscientes de la gravedad de estas amenazas. Por eso, ofrecemos soluciones de <strong>ciberseguros y seguros para riesgos tecnol\u00f3gicos<\/strong>, dise\u00f1adas para proteger tu empresa frente a ciberataques, errores humanos o infidelidades de empleados.<\/p>\n\n\n\n<h6 class=\"wp-block-heading has-vivid-red-color has-text-color has-link-color wp-elements-4b60707d8b327b12494ba28631c68956\">Coberturas destacadas de nuestros seguros de ciberriesgos:<\/h6>\n\n\n\n<ul class=\"wp-block-list\">\n<li><strong>Responsabilidad civil<\/strong>: Derivada de la seguridad y privacidad de datos, incluyendo reclamaciones por p\u00e1ginas web.<\/li>\n\n\n\n<li><strong>Respuesta ante incidencias<\/strong>:\n<ul class=\"wp-block-list\">\n<li>Expertos en seguridad inform\u00e1tica para mitigar el ataque.<\/li>\n\n\n\n<li>Asesoramiento legal para cumplir con la normativa vigente.<\/li>\n\n\n\n<li>Notificaci\u00f3n a los afectados y soporte a trav\u00e9s de un servicio Call Center especializado.<\/li>\n\n\n\n<li>Mitigaci\u00f3n, resoluci\u00f3n y control de identidad tras el incidente.<\/li>\n\n\n\n<li>Gesti\u00f3n de crisis y relaciones p\u00fablicas para minimizar el impacto reputacional.<\/li>\n<\/ul>\n<\/li>\n\n\n\n<li><strong>Sanciones administrativas y defensa legal<\/strong>: Cobertura de multas por incumplimiento normativo.<\/li>\n\n\n\n<li><strong>P\u00e9rdidas econ\u00f3micas<\/strong>:\n<ul class=\"wp-block-list\">\n<li>Indemnizaci\u00f3n por interrupci\u00f3n de la actividad empresarial.<\/li>\n\n\n\n<li>Protecci\u00f3n frente a extorsiones cibern\u00e9ticas y fraude digital.<\/li>\n\n\n\n<li>P\u00e9rdidas derivadas de la protecci\u00f3n de datos.<\/li>\n<\/ul>\n<\/li>\n<\/ul>\n\n\n\n<h6 class=\"wp-block-heading has-vivid-red-color has-text-color has-link-color wp-elements-e49768e4b976fefed789879138572c7e\">Por qu\u00e9 elegirnos<\/h6>\n\n\n\n<p>En <strong>Balaguer &amp; Guti\u00e9rrez<\/strong>, trabajamos contigo para desarrollar un <strong>plan de transferencia de ciber riesgos<\/strong> a medida, adaptado a las necesidades de tu empresa. Protege tus activos digitales, tu reputaci\u00f3n y la continuidad de tu negocio.<\/p>\n\n\n\n<p><strong>Respuesta inmediata ante un incidente cibern\u00e9tico.<\/strong><\/p>\n\n\n\n<p>Ponemos a disposici\u00f3n un equipo de profesionales, altamente cualificados que coordinar\u00e1 la respuesta inicial para dar apoyo durante las 24 horas de los 365 d\u00edas del a\u00f1o.<\/p>\n\n\n\n<p><strong>Asesoramiento y asistencia legal<\/strong><\/p>\n\n\n\n<p>Abogados especialistas asesorar\u00e1n y asistir\u00e1n al asegurado en los procedimientos legales y regulatorios consecuencia de un incidente cibern\u00e9tico.<\/p>\n\n\n\n<p><strong>Servicios de seguridad inform\u00e1tica y forense<\/strong><\/p>\n\n\n\n<p>El asegurado podr\u00e1 contar con un asesor externo de seguridad inform\u00e1tica para la resoluci\u00f3n de cualquier incidente cibern\u00e9tico.<\/p>\n\n\n\n<p><strong>Gesti\u00f3n de la comunicaci\u00f3n en situaciones de crisis<\/strong><\/p>\n\n\n\n<p>Un gabinete experto asesorar\u00e1 al asegurado en cuestiones de comunicaci\u00f3n y prensa para mitigar el impacto reputacional y de imagen ante sus clientes.<\/p>\n\n\n\n<p class=\"has-text-align-center has-vivid-red-color has-text-color has-link-color wp-elements-1726115329ca0b7a5c7eb738b69a1d82\"><strong>Contacta con nosotros hoy y aseg\u00farate de estar preparado frente a cualquier amenaza digital.<\/strong><\/p>\n\n\n\n<hr class=\"wp-block-separator has-text-color has-vivid-red-color has-alpha-channel-opacity has-vivid-red-background-color has-background is-style-wide\"\/>\n\n\n\n<div class=\"wp-block-buttons is-content-justification-center is-layout-flex wp-container-core-buttons-is-layout-16018d1d wp-block-buttons-is-layout-flex\">\n<div class=\"wp-block-button\"><a class=\"wp-block-button__link has-vivid-red-background-color has-background wp-element-button\" href=\"https:\/\/outlook.office.com\/bookwithme\/user\/d067cf286ea94ad79a1915b27c53db14@balaguergutierrez.com?anonymous&amp;ep=plink\" target=\"_blank\" rel=\"noreferrer noopener\">Solicita una cita<\/a><\/div>\n\n\n\n<div class=\"wp-block-button\"><a class=\"wp-block-button__link has-vivid-red-background-color has-background wp-element-button\" href=\"https:\/\/forms.office.com\/e\/460jevE9fx\" target=\"_blank\" rel=\"noreferrer noopener\">Solicita tu presupuesto<\/a><\/div>\n<\/div>\n\n\n\n<hr class=\"wp-block-separator has-text-color has-vivid-red-color has-alpha-channel-opacity has-vivid-red-background-color has-background is-style-wide\"\/>\n\n\n<ul class=\"wp-block-latest-posts__list is-grid columns-3 has-dates wp-block-latest-posts\"><li><div class=\"wp-block-latest-posts__featured-image aligncenter\"><img loading=\"lazy\" decoding=\"async\" width=\"150\" height=\"150\" src=\"https:\/\/balaguergutierrez.es\/wp-content\/uploads\/2026\/03\/ciberseguro-empresas-baleares-2026-150x150.webp\" class=\"attachment-thumbnail size-thumbnail wp-post-image\" alt=\"Profesional trabajando en ordenador con alerta de ciberseguridad en oficina de Palma\" style=\"\" srcset=\"https:\/\/balaguergutierrez.es\/wp-content\/uploads\/2026\/03\/ciberseguro-empresas-baleares-2026-150x150.webp 150w, https:\/\/balaguergutierrez.es\/wp-content\/uploads\/2026\/03\/ciberseguro-empresas-baleares-2026-230x230.webp 230w, https:\/\/balaguergutierrez.es\/wp-content\/uploads\/2026\/03\/ciberseguro-empresas-baleares-2026-365x365.webp 365w\" sizes=\"auto, (max-width: 150px) 100vw, 150px\" \/><\/div><a class=\"wp-block-latest-posts__post-title\" href=\"https:\/\/balaguergutierrez.es\/index.php\/2026\/03\/13\/ciberseguro-baleares-empresas\/\">Ciberataques: el riesgo silencioso que ya amenaza a aut\u00f3nomos y pymes<\/a><time datetime=\"2026-03-13T12:00:00+01:00\" class=\"wp-block-latest-posts__post-date\">13 de marzo de 2026<\/time><div class=\"wp-block-latest-posts__post-excerpt\">Una nueva realidad para empresas y profesionales. La digitalizaci\u00f3n ha cambiado la forma de trabajar en toda Espa\u00f1a. Facturaci\u00f3n online, reservas por internet, bases de<\/div><\/li>\n<li><div class=\"wp-block-latest-posts__featured-image aligncenter\"><img loading=\"lazy\" decoding=\"async\" width=\"150\" height=\"150\" src=\"https:\/\/balaguergutierrez.es\/wp-content\/uploads\/2026\/01\/250804-BALAGUER-GUTIERREZ_MEME-RRSS-V2-150x150.webp\" class=\"attachment-thumbnail size-thumbnail wp-post-image\" alt=\"\u00danico n\u00famero de contacto (+34 971 451 651) y App de cliente de Balaguer &amp; Guti\u00e9rrez en Palma de Mallorca\" style=\"\" srcset=\"https:\/\/balaguergutierrez.es\/wp-content\/uploads\/2026\/01\/250804-BALAGUER-GUTIERREZ_MEME-RRSS-V2-150x150.webp 150w, https:\/\/balaguergutierrez.es\/wp-content\/uploads\/2026\/01\/250804-BALAGUER-GUTIERREZ_MEME-RRSS-V2-300x300.webp 300w, https:\/\/balaguergutierrez.es\/wp-content\/uploads\/2026\/01\/250804-BALAGUER-GUTIERREZ_MEME-RRSS-V2-230x230.webp 230w, https:\/\/balaguergutierrez.es\/wp-content\/uploads\/2026\/01\/250804-BALAGUER-GUTIERREZ_MEME-RRSS-V2-365x365.webp 365w, https:\/\/balaguergutierrez.es\/wp-content\/uploads\/2026\/01\/250804-BALAGUER-GUTIERREZ_MEME-RRSS-V2.webp 600w\" sizes=\"auto, (max-width: 150px) 100vw, 150px\" \/><\/div><a class=\"wp-block-latest-posts__post-title\" href=\"https:\/\/balaguergutierrez.es\/index.php\/2026\/01\/29\/unico-numero-whatsapp-fijo-app-cliente\/\">Un \u00fanico n\u00famero para llamadas y WhatsApp (+34 971 451 651) y nuestra nueva App de cliente<\/a><time datetime=\"2026-01-29T12:00:00+01:00\" class=\"wp-block-latest-posts__post-date\">29 de enero de 2026<\/time><div class=\"wp-block-latest-posts__post-excerpt\">A partir del 1 de febrero de 2026, simplificamos tu forma de contactarnos: el \u00fanico n\u00famero de Balaguer &amp; Guti\u00e9rrez (llamadas y WhatsApp) es +34<\/div><\/li>\n<li><div class=\"wp-block-latest-posts__featured-image aligncenter\"><img loading=\"lazy\" decoding=\"async\" width=\"150\" height=\"150\" src=\"https:\/\/balaguergutierrez.es\/wp-content\/uploads\/2026\/01\/ciberseguro-baleares-2026-150x150.webp\" class=\"attachment-thumbnail size-thumbnail wp-post-image\" alt=\"Empresario en oficina de Palma revisando un ordenador tras un incidente digital\" style=\"\" srcset=\"https:\/\/balaguergutierrez.es\/wp-content\/uploads\/2026\/01\/ciberseguro-baleares-2026-150x150.webp 150w, https:\/\/balaguergutierrez.es\/wp-content\/uploads\/2026\/01\/ciberseguro-baleares-2026-230x230.webp 230w, https:\/\/balaguergutierrez.es\/wp-content\/uploads\/2026\/01\/ciberseguro-baleares-2026-365x365.webp 365w\" sizes=\"auto, (max-width: 150px) 100vw, 150px\" \/><\/div><a class=\"wp-block-latest-posts__post-title\" href=\"https:\/\/balaguergutierrez.es\/index.php\/2026\/01\/07\/ciberseguro-baleares\/\">Ciberataques: por qu\u00e9 el ciberseguro ya no es solo para grandes empresas<\/a><time datetime=\"2026-01-07T12:32:52+01:00\" class=\"wp-block-latest-posts__post-date\">7 de enero de 2026<\/time><div class=\"wp-block-latest-posts__post-excerpt\">En los \u00faltimos meses, los ciberataques a peque\u00f1as empresas, aut\u00f3nomos y despachos profesionales se han multiplicado. No hablamos solo de multinacionales, cada vez m\u00e1s comercios,<\/div><\/li>\n<li><div class=\"wp-block-latest-posts__featured-image aligncenter\"><img loading=\"lazy\" decoding=\"async\" width=\"150\" height=\"150\" src=\"https:\/\/balaguergutierrez.es\/wp-content\/uploads\/2025\/10\/proteccion-vida-salud-empresa-150x150.webp\" class=\"attachment-thumbnail size-thumbnail wp-post-image\" alt=\"Familia y empresario en Baleares conversando con un corredor de seguros en oficina moderna\" style=\"\" srcset=\"https:\/\/balaguergutierrez.es\/wp-content\/uploads\/2025\/10\/proteccion-vida-salud-empresa-150x150.webp 150w, https:\/\/balaguergutierrez.es\/wp-content\/uploads\/2025\/10\/proteccion-vida-salud-empresa-230x230.webp 230w, https:\/\/balaguergutierrez.es\/wp-content\/uploads\/2025\/10\/proteccion-vida-salud-empresa-365x365.webp 365w\" sizes=\"auto, (max-width: 150px) 100vw, 150px\" \/><\/div><a class=\"wp-block-latest-posts__post-title\" href=\"https:\/\/balaguergutierrez.es\/index.php\/2025\/10\/29\/proteccion-integral-para-tu-vida-tu-negocio-y-tu-patrimonio\/\">Protecci\u00f3n integral para tu vida, tu negocio y tu patrimonio<\/a><time datetime=\"2025-10-29T12:00:00+01:00\" class=\"wp-block-latest-posts__post-date\">29 de octubre de 2025<\/time><div class=\"wp-block-latest-posts__post-excerpt\">Vivir en Palma o tener un negocio en Baleares tiene muchas ventajas: la brisa mediterr\u00e1nea, el sol casi todo el a\u00f1o y un estilo de<\/div><\/li>\n<\/ul>","protected":false},"excerpt":{"rendered":"<p>Seguro de Ciberriesgos: Protege tu empresa frente a las amenazas digitales En el entorno digital actual, los ciberriesgos son una amenaza real para empresas de todos los tama\u00f1os. Desde bloqueos en servidores y equipos (criptovirus) hasta el robo de informaci\u00f3n<\/p>\n","protected":false},"author":1,"featured_media":764,"parent":0,"menu_order":0,"comment_status":"closed","ping_status":"closed","template":"","meta":{"footnotes":""},"class_list":["post-486","page","type-page","status-publish","has-post-thumbnail","hentry","","tg-column-third"],"yoast_head":"<!-- This site is optimized with the Yoast SEO plugin v27.4 - https:\/\/yoast.com\/product\/yoast-seo-wordpress\/ -->\n<title>Seguro de Ciberriesgos - balaguergutierrez.es<\/title>\n<meta name=\"description\" content=\"Protege tu empresa frente a ciberataques con los seguros de ciberriesgos de Balaguer &amp; Guti\u00e9rrez. Coberturas para datos, extorsiones y p\u00e9rdidas econ\u00f3micas\" \/>\n<meta name=\"robots\" content=\"index, follow, max-snippet:-1, max-image-preview:large, max-video-preview:-1\" \/>\n<link rel=\"canonical\" href=\"https:\/\/balaguergutierrez.es\/index.php\/seguro-de-ciberriesgos\/\" \/>\n<meta property=\"og:locale\" content=\"es_ES\" \/>\n<meta property=\"og:type\" content=\"article\" \/>\n<meta property=\"og:title\" content=\"Seguro de Ciberriesgos - balaguergutierrez.es\" \/>\n<meta property=\"og:description\" content=\"Protege tu empresa frente a ciberataques con los seguros de ciberriesgos de Balaguer &amp; Guti\u00e9rrez. Coberturas para datos, extorsiones y p\u00e9rdidas econ\u00f3micas\" \/>\n<meta property=\"og:url\" content=\"https:\/\/balaguergutierrez.es\/index.php\/seguro-de-ciberriesgos\/\" \/>\n<meta property=\"og:site_name\" content=\"balaguergutierrez.es\" \/>\n<meta property=\"article:publisher\" content=\"https:\/\/www.facebook.com\/balaguergutierrezcs\/\" \/>\n<meta property=\"article:modified_time\" content=\"2025-04-27T16:54:17+00:00\" \/>\n<meta property=\"og:image\" content=\"https:\/\/balaguergutierrez.es\/wp-content\/uploads\/2024\/11\/ciberriesgos-e1741528206237.webp\" \/>\n\t<meta property=\"og:image:width\" content=\"700\" \/>\n\t<meta property=\"og:image:height\" content=\"201\" \/>\n\t<meta property=\"og:image:type\" content=\"image\/webp\" \/>\n<meta name=\"twitter:label1\" content=\"Tiempo de lectura\" \/>\n\t<meta name=\"twitter:data1\" content=\"3 minutos\" \/>\n<script type=\"application\/ld+json\" class=\"yoast-schema-graph\">{\"@context\":\"https:\\\/\\\/schema.org\",\"@graph\":[{\"@type\":\"WebPage\",\"@id\":\"https:\\\/\\\/balaguergutierrez.es\\\/index.php\\\/seguro-de-ciberriesgos\\\/\",\"url\":\"https:\\\/\\\/balaguergutierrez.es\\\/index.php\\\/seguro-de-ciberriesgos\\\/\",\"name\":\"Seguro de Ciberriesgos - balaguergutierrez.es\",\"isPartOf\":{\"@id\":\"https:\\\/\\\/balaguergutierrez.es\\\/#website\"},\"primaryImageOfPage\":{\"@id\":\"https:\\\/\\\/balaguergutierrez.es\\\/index.php\\\/seguro-de-ciberriesgos\\\/#primaryimage\"},\"image\":{\"@id\":\"https:\\\/\\\/balaguergutierrez.es\\\/index.php\\\/seguro-de-ciberriesgos\\\/#primaryimage\"},\"thumbnailUrl\":\"https:\\\/\\\/balaguergutierrez.es\\\/wp-content\\\/uploads\\\/2024\\\/11\\\/ciberriesgos-e1741528206237.webp\",\"datePublished\":\"2024-02-18T09:07:32+00:00\",\"dateModified\":\"2025-04-27T16:54:17+00:00\",\"description\":\"Protege tu empresa frente a ciberataques con los seguros de ciberriesgos de Balaguer & Guti\u00e9rrez. Coberturas para datos, extorsiones y p\u00e9rdidas econ\u00f3micas\",\"breadcrumb\":{\"@id\":\"https:\\\/\\\/balaguergutierrez.es\\\/index.php\\\/seguro-de-ciberriesgos\\\/#breadcrumb\"},\"inLanguage\":\"es\",\"potentialAction\":[{\"@type\":\"ReadAction\",\"target\":[\"https:\\\/\\\/balaguergutierrez.es\\\/index.php\\\/seguro-de-ciberriesgos\\\/\"]}]},{\"@type\":\"ImageObject\",\"inLanguage\":\"es\",\"@id\":\"https:\\\/\\\/balaguergutierrez.es\\\/index.php\\\/seguro-de-ciberriesgos\\\/#primaryimage\",\"url\":\"https:\\\/\\\/balaguergutierrez.es\\\/wp-content\\\/uploads\\\/2024\\\/11\\\/ciberriesgos-e1741528206237.webp\",\"contentUrl\":\"https:\\\/\\\/balaguergutierrez.es\\\/wp-content\\\/uploads\\\/2024\\\/11\\\/ciberriesgos-e1741528206237.webp\",\"width\":700,\"height\":201,\"caption\":\"Imagen representativa del Seguro de Ciberriesgos, mostrando seguridad y prevenci\u00f3n ante amenazas cibern\u00e9ticas en un entorno empresarial.\\\"\"},{\"@type\":\"BreadcrumbList\",\"@id\":\"https:\\\/\\\/balaguergutierrez.es\\\/index.php\\\/seguro-de-ciberriesgos\\\/#breadcrumb\",\"itemListElement\":[{\"@type\":\"ListItem\",\"position\":1,\"name\":\"Portada\",\"item\":\"https:\\\/\\\/balaguergutierrez.es\\\/\"},{\"@type\":\"ListItem\",\"position\":2,\"name\":\"Seguro de Ciberriesgos\"}]},{\"@type\":\"WebSite\",\"@id\":\"https:\\\/\\\/balaguergutierrez.es\\\/#website\",\"url\":\"https:\\\/\\\/balaguergutierrez.es\\\/\",\"name\":\"Balaguer & Guti\u00e9rrez, Corredur\u00eda de Seguros\",\"description\":\"Aseguramos lo que de verdad importa\",\"publisher\":{\"@id\":\"https:\\\/\\\/balaguergutierrez.es\\\/#organization\"},\"potentialAction\":[{\"@type\":\"SearchAction\",\"target\":{\"@type\":\"EntryPoint\",\"urlTemplate\":\"https:\\\/\\\/balaguergutierrez.es\\\/?s={search_term_string}\"},\"query-input\":{\"@type\":\"PropertyValueSpecification\",\"valueRequired\":true,\"valueName\":\"search_term_string\"}}],\"inLanguage\":\"es\"},{\"@type\":\"Organization\",\"@id\":\"https:\\\/\\\/balaguergutierrez.es\\\/#organization\",\"name\":\"Balaguer & Guti\u00e9rrez SL\",\"url\":\"https:\\\/\\\/balaguergutierrez.es\\\/\",\"logo\":{\"@type\":\"ImageObject\",\"inLanguage\":\"es\",\"@id\":\"https:\\\/\\\/balaguergutierrez.es\\\/#\\\/schema\\\/logo\\\/image\\\/\",\"url\":\"https:\\\/\\\/balaguergutierrez.es\\\/wp-content\\\/uploads\\\/2023\\\/03\\\/bg2014-Personalizado-1.png\",\"contentUrl\":\"https:\\\/\\\/balaguergutierrez.es\\\/wp-content\\\/uploads\\\/2023\\\/03\\\/bg2014-Personalizado-1.png\",\"width\":300,\"height\":56,\"caption\":\"Balaguer & Guti\u00e9rrez SL\"},\"image\":{\"@id\":\"https:\\\/\\\/balaguergutierrez.es\\\/#\\\/schema\\\/logo\\\/image\\\/\"},\"sameAs\":[\"https:\\\/\\\/www.facebook.com\\\/balaguergutierrezcs\\\/\",\"https:\\\/\\\/www.instagram.com\\\/balaguergutierrezsl\\\/\"]}]}<\/script>\n<!-- \/ Yoast SEO plugin. -->","yoast_head_json":{"title":"Seguro de Ciberriesgos - balaguergutierrez.es","description":"Protege tu empresa frente a ciberataques con los seguros de ciberriesgos de Balaguer & Guti\u00e9rrez. Coberturas para datos, extorsiones y p\u00e9rdidas econ\u00f3micas","robots":{"index":"index","follow":"follow","max-snippet":"max-snippet:-1","max-image-preview":"max-image-preview:large","max-video-preview":"max-video-preview:-1"},"canonical":"https:\/\/balaguergutierrez.es\/index.php\/seguro-de-ciberriesgos\/","og_locale":"es_ES","og_type":"article","og_title":"Seguro de Ciberriesgos - balaguergutierrez.es","og_description":"Protege tu empresa frente a ciberataques con los seguros de ciberriesgos de Balaguer & Guti\u00e9rrez. Coberturas para datos, extorsiones y p\u00e9rdidas econ\u00f3micas","og_url":"https:\/\/balaguergutierrez.es\/index.php\/seguro-de-ciberriesgos\/","og_site_name":"balaguergutierrez.es","article_publisher":"https:\/\/www.facebook.com\/balaguergutierrezcs\/","article_modified_time":"2025-04-27T16:54:17+00:00","og_image":[{"width":700,"height":201,"url":"https:\/\/balaguergutierrez.es\/wp-content\/uploads\/2024\/11\/ciberriesgos-e1741528206237.webp","type":"image\/webp"}],"twitter_misc":{"Tiempo de lectura":"3 minutos"},"schema":{"@context":"https:\/\/schema.org","@graph":[{"@type":"WebPage","@id":"https:\/\/balaguergutierrez.es\/index.php\/seguro-de-ciberriesgos\/","url":"https:\/\/balaguergutierrez.es\/index.php\/seguro-de-ciberriesgos\/","name":"Seguro de Ciberriesgos - balaguergutierrez.es","isPartOf":{"@id":"https:\/\/balaguergutierrez.es\/#website"},"primaryImageOfPage":{"@id":"https:\/\/balaguergutierrez.es\/index.php\/seguro-de-ciberriesgos\/#primaryimage"},"image":{"@id":"https:\/\/balaguergutierrez.es\/index.php\/seguro-de-ciberriesgos\/#primaryimage"},"thumbnailUrl":"https:\/\/balaguergutierrez.es\/wp-content\/uploads\/2024\/11\/ciberriesgos-e1741528206237.webp","datePublished":"2024-02-18T09:07:32+00:00","dateModified":"2025-04-27T16:54:17+00:00","description":"Protege tu empresa frente a ciberataques con los seguros de ciberriesgos de Balaguer & Guti\u00e9rrez. Coberturas para datos, extorsiones y p\u00e9rdidas econ\u00f3micas","breadcrumb":{"@id":"https:\/\/balaguergutierrez.es\/index.php\/seguro-de-ciberriesgos\/#breadcrumb"},"inLanguage":"es","potentialAction":[{"@type":"ReadAction","target":["https:\/\/balaguergutierrez.es\/index.php\/seguro-de-ciberriesgos\/"]}]},{"@type":"ImageObject","inLanguage":"es","@id":"https:\/\/balaguergutierrez.es\/index.php\/seguro-de-ciberriesgos\/#primaryimage","url":"https:\/\/balaguergutierrez.es\/wp-content\/uploads\/2024\/11\/ciberriesgos-e1741528206237.webp","contentUrl":"https:\/\/balaguergutierrez.es\/wp-content\/uploads\/2024\/11\/ciberriesgos-e1741528206237.webp","width":700,"height":201,"caption":"Imagen representativa del Seguro de Ciberriesgos, mostrando seguridad y prevenci\u00f3n ante amenazas cibern\u00e9ticas en un entorno empresarial.\""},{"@type":"BreadcrumbList","@id":"https:\/\/balaguergutierrez.es\/index.php\/seguro-de-ciberriesgos\/#breadcrumb","itemListElement":[{"@type":"ListItem","position":1,"name":"Portada","item":"https:\/\/balaguergutierrez.es\/"},{"@type":"ListItem","position":2,"name":"Seguro de Ciberriesgos"}]},{"@type":"WebSite","@id":"https:\/\/balaguergutierrez.es\/#website","url":"https:\/\/balaguergutierrez.es\/","name":"Balaguer & Guti\u00e9rrez, Corredur\u00eda de Seguros","description":"Aseguramos lo que de verdad importa","publisher":{"@id":"https:\/\/balaguergutierrez.es\/#organization"},"potentialAction":[{"@type":"SearchAction","target":{"@type":"EntryPoint","urlTemplate":"https:\/\/balaguergutierrez.es\/?s={search_term_string}"},"query-input":{"@type":"PropertyValueSpecification","valueRequired":true,"valueName":"search_term_string"}}],"inLanguage":"es"},{"@type":"Organization","@id":"https:\/\/balaguergutierrez.es\/#organization","name":"Balaguer & Guti\u00e9rrez SL","url":"https:\/\/balaguergutierrez.es\/","logo":{"@type":"ImageObject","inLanguage":"es","@id":"https:\/\/balaguergutierrez.es\/#\/schema\/logo\/image\/","url":"https:\/\/balaguergutierrez.es\/wp-content\/uploads\/2023\/03\/bg2014-Personalizado-1.png","contentUrl":"https:\/\/balaguergutierrez.es\/wp-content\/uploads\/2023\/03\/bg2014-Personalizado-1.png","width":300,"height":56,"caption":"Balaguer & Guti\u00e9rrez SL"},"image":{"@id":"https:\/\/balaguergutierrez.es\/#\/schema\/logo\/image\/"},"sameAs":["https:\/\/www.facebook.com\/balaguergutierrezcs\/","https:\/\/www.instagram.com\/balaguergutierrezsl\/"]}]}},"_links":{"self":[{"href":"https:\/\/balaguergutierrez.es\/index.php\/wp-json\/wp\/v2\/pages\/486","targetHints":{"allow":["GET"]}}],"collection":[{"href":"https:\/\/balaguergutierrez.es\/index.php\/wp-json\/wp\/v2\/pages"}],"about":[{"href":"https:\/\/balaguergutierrez.es\/index.php\/wp-json\/wp\/v2\/types\/page"}],"author":[{"embeddable":true,"href":"https:\/\/balaguergutierrez.es\/index.php\/wp-json\/wp\/v2\/users\/1"}],"replies":[{"embeddable":true,"href":"https:\/\/balaguergutierrez.es\/index.php\/wp-json\/wp\/v2\/comments?post=486"}],"version-history":[{"count":7,"href":"https:\/\/balaguergutierrez.es\/index.php\/wp-json\/wp\/v2\/pages\/486\/revisions"}],"predecessor-version":[{"id":1157,"href":"https:\/\/balaguergutierrez.es\/index.php\/wp-json\/wp\/v2\/pages\/486\/revisions\/1157"}],"wp:featuredmedia":[{"embeddable":true,"href":"https:\/\/balaguergutierrez.es\/index.php\/wp-json\/wp\/v2\/media\/764"}],"wp:attachment":[{"href":"https:\/\/balaguergutierrez.es\/index.php\/wp-json\/wp\/v2\/media?parent=486"}],"curies":[{"name":"wp","href":"https:\/\/api.w.org\/{rel}","templated":true}]}}