{"id":610,"date":"2024-02-18T18:14:33","date_gmt":"2024-02-18T18:14:33","guid":{"rendered":"https:\/\/brave-visvesvaraya.82-223-114-116.plesk.page\/?page_id=610"},"modified":"2025-03-03T19:58:30","modified_gmt":"2025-03-03T18:58:30","slug":"seguro-de-hogar","status":"publish","type":"page","link":"https:\/\/balaguergutierrez.es\/index.php\/seguro-de-hogar\/","title":{"rendered":"Seguro de Hogar"},"content":{"rendered":"<figure class=\"wp-block-post-featured-image\"><img loading=\"lazy\" decoding=\"async\" width=\"700\" height=\"200\" src=\"https:\/\/balaguergutierrez.es\/wp-content\/uploads\/2024\/02\/hogar-1-e1708279970753.jpg\" class=\"attachment-post-thumbnail size-post-thumbnail wp-post-image\" alt=\"\" style=\"object-fit:cover;\" srcset=\"https:\/\/balaguergutierrez.es\/wp-content\/uploads\/2024\/02\/hogar-1-e1708279970753.jpg 700w, https:\/\/balaguergutierrez.es\/wp-content\/uploads\/2024\/02\/hogar-1-e1708279970753-300x86.jpg 300w\" sizes=\"auto, (max-width: 700px) 100vw, 700px\" \/><\/figure>\n\n\n<div style=\"height:50px\" aria-hidden=\"true\" class=\"wp-block-spacer\"><\/div>\n\n\n\n<p>Proteja su vivienda principal y secundaria de los riesgos que afectan al edificio (continente) y a su mobiliario y enseres personales (contenido) con el seguro que mejor se adapte a su condici\u00f3n de propietario o inquilino.<\/p>\n\n\n\n<p><strong><span style=\"color: red;\">Balaguer &amp; Guti\u00e9rrez<\/span><\/strong> le asesora en el proceso de an\u00e1lisis y contrataci\u00f3n de su seguro del hogar, adaptando las sumas aseguradas y coberturas a sus circunstancias personales y familiares (tipo de vivienda, situaci\u00f3n, medidas de protecci\u00f3n; objetos de valor (colecciones, obras de arte, joyas); bienes profesionales, etc.).&nbsp;Ponemos a su disposici\u00f3n nuestra experiencia profesional para ayudarle a decidir qu\u00e9 opci\u00f3n de cobertura es la m\u00e1s adecuada a sus intereses.<\/p>\n\n\n\n<p>\u00bfCu\u00e1les son los riesgos contra los que puede proteger la vivienda y su contenido?<\/p>\n\n\n\n<ul class=\"wp-block-list\">\n<li>Incendio, explosi\u00f3n y ca\u00edda del rayo<\/li>\n\n\n\n<li>Fen\u00f3menos meteorol\u00f3gicos \/ Da\u00f1os por impacto<\/li>\n\n\n\n<li>Da\u00f1os el\u00e9ctricos<\/li>\n\n\n\n<li>Da\u00f1os por Agua<\/li>\n\n\n\n<li>Rotura de Cristales, sanitarios y vitrocer\u00e1mica<\/li>\n\n\n\n<li>Alimentos congelados y refrigerados<\/li>\n\n\n\n<li>Restauraci\u00f3n est\u00e9tica<\/li>\n\n\n\n<li>Inclusi\u00f3n de bienes de uso profesional<\/li>\n\n\n\n<li>Gastos (factura de bomberos, desescombro, desbarre y extracci\u00f3n de lodos, guardamuebles, traslados, etc.)<\/li>\n\n\n\n<li>Robo, expoliaci\u00f3n (atraco) y hurto; Atraco en la v\u00eda p\u00fablica o durante viajes; Sustituci\u00f3n de cerraduras; Uso fraudulento de tarjetas de cr\u00e9dito<\/li>\n\n\n\n<li>Responsabilidad civil y defensa jur\u00eddica (incluidos actos del personal dom\u00e9stico, como propietario de animales dom\u00e9sticos, por uso de bicicletas, etc.).<\/li>\n\n\n\n<li>Asistencia al Hogar: 24 horas, el\u00e9ctrica, inform\u00e1tica, orientaci\u00f3n m\u00e9dica telef\u00f3nica, etc.<\/li>\n\n\n\n<li>Asistencia en Viaje<\/li>\n<\/ul>\n\n\n\n<hr class=\"wp-block-separator alignwide has-text-color has-vivid-red-color has-alpha-channel-opacity has-vivid-red-background-color has-background is-style-wide\"\/>\n\n\n\n<div class=\"wp-block-buttons is-content-justification-center is-layout-flex wp-container-core-buttons-is-layout-16018d1d wp-block-buttons-is-layout-flex\">\n<div class=\"wp-block-button\"><a class=\"wp-block-button__link has-white-color has-vivid-red-background-color has-text-color has-background has-link-color wp-element-button\" href=\"https:\/\/forms.office.com\/e\/tmCFWUrrFn\" target=\"_blank\" rel=\" noreferrer noopener nofollow\">Solicita tu Presupuesto<\/a><\/div>\n\n\n\n<div class=\"wp-block-button\"><a class=\"wp-block-button__link has-white-color has-vivid-red-background-color has-text-color has-background has-link-color wp-element-button\" href=\"https:\/\/outlook.office.com\/bookwithme\/user\/d067cf286ea94ad79a1915b27c53db14@balaguergutierrez.com?anonymous&amp;ep=plink\" target=\"_blank\" rel=\" noreferrer noopener nofollow\">Solicita un Cita<\/a><\/div>\n<\/div>\n\n\n\n<hr class=\"wp-block-separator has-text-color has-vivid-red-color has-alpha-channel-opacity has-vivid-red-background-color has-background is-style-wide\"\/>\n\n\n<ul class=\"wp-block-latest-posts__list is-grid columns-3 has-dates aligncenter wp-block-latest-posts\"><li><div class=\"wp-block-latest-posts__featured-image aligncenter\"><img loading=\"lazy\" decoding=\"async\" width=\"150\" height=\"150\" src=\"https:\/\/balaguergutierrez.es\/wp-content\/uploads\/2026\/02\/seguro-coche-electrico-baleares-2026-1-150x150.webp\" class=\"attachment-thumbnail size-thumbnail wp-post-image\" alt=\"Coche el\u00e9ctrico cargando en una calle de Palma de Mallorca\" style=\"\" srcset=\"https:\/\/balaguergutierrez.es\/wp-content\/uploads\/2026\/02\/seguro-coche-electrico-baleares-2026-1-150x150.webp 150w, https:\/\/balaguergutierrez.es\/wp-content\/uploads\/2026\/02\/seguro-coche-electrico-baleares-2026-1-230x230.webp 230w, https:\/\/balaguergutierrez.es\/wp-content\/uploads\/2026\/02\/seguro-coche-electrico-baleares-2026-1-365x365.webp 365w\" sizes=\"auto, (max-width: 150px) 100vw, 150px\" \/><\/div><a class=\"wp-block-latest-posts__post-title\" href=\"https:\/\/balaguergutierrez.es\/index.php\/2026\/03\/06\/seguro-coche-electrico-baleares\/\">Veh\u00edculos el\u00e9ctricos: el seguro que necesitas hoy (y los errores m\u00e1s comunes)<\/a><time datetime=\"2026-03-06T12:00:00+01:00\" class=\"wp-block-latest-posts__post-date\">6 de marzo de 2026<\/time><div class=\"wp-block-latest-posts__post-excerpt\">El veh\u00edculo el\u00e9ctrico ya no es futuro: es presente. Cada mes vemos m\u00e1s coches el\u00e9ctricos e h\u00edbridos enchufables, tanto de particulares como de aut\u00f3nomos y<\/div><\/li>\n<li><div class=\"wp-block-latest-posts__featured-image aligncenter\"><img loading=\"lazy\" decoding=\"async\" width=\"150\" height=\"150\" src=\"https:\/\/balaguergutierrez.es\/wp-content\/uploads\/2026\/02\/seguro-hogar-baleares-lluvias-2026-150x150.webp\" class=\"attachment-thumbnail size-thumbnail wp-post-image\" alt=\"Vivienda en Palma tras una lluvia intensa con da\u00f1os visibles en terraza\" style=\"\" srcset=\"https:\/\/balaguergutierrez.es\/wp-content\/uploads\/2026\/02\/seguro-hogar-baleares-lluvias-2026-150x150.webp 150w, https:\/\/balaguergutierrez.es\/wp-content\/uploads\/2026\/02\/seguro-hogar-baleares-lluvias-2026-230x230.webp 230w, https:\/\/balaguergutierrez.es\/wp-content\/uploads\/2026\/02\/seguro-hogar-baleares-lluvias-2026-365x365.webp 365w\" sizes=\"auto, (max-width: 150px) 100vw, 150px\" \/><\/div><a class=\"wp-block-latest-posts__post-title\" href=\"https:\/\/balaguergutierrez.es\/index.php\/2026\/02\/27\/seguro-hogar-baleares-lluvias\/\">Tormentas, lluvias intensas y da\u00f1os en viviendas: revisa tu seguro de hogar antes de que sea tarde<\/a><time datetime=\"2026-02-27T12:00:00+01:00\" class=\"wp-block-latest-posts__post-date\">27 de febrero de 2026<\/time><div class=\"wp-block-latest-posts__post-excerpt\">En los \u00faltimos meses, las lluvias intensas, rachas de viento y episodios de mal tiempo han vuelto a poner a prueba muchas viviendas y negocios<\/div><\/li>\n<li><div class=\"wp-block-latest-posts__featured-image aligncenter\"><img loading=\"lazy\" decoding=\"async\" width=\"150\" height=\"150\" src=\"https:\/\/balaguergutierrez.es\/wp-content\/uploads\/2026\/02\/vlpyregistrodgt-150x150.webp\" class=\"attachment-thumbnail size-thumbnail wp-post-image\" alt=\"Seguro obligatorio para patinete el\u00e9ctrico en Palma de Mallorca 2026\" style=\"\" srcset=\"https:\/\/balaguergutierrez.es\/wp-content\/uploads\/2026\/02\/vlpyregistrodgt-150x150.webp 150w, https:\/\/balaguergutierrez.es\/wp-content\/uploads\/2026\/02\/vlpyregistrodgt-230x230.webp 230w, https:\/\/balaguergutierrez.es\/wp-content\/uploads\/2026\/02\/vlpyregistrodgt-365x365.webp 365w\" sizes=\"auto, (max-width: 150px) 100vw, 150px\" \/><\/div><a class=\"wp-block-latest-posts__post-title\" href=\"https:\/\/balaguergutierrez.es\/index.php\/2026\/02\/11\/seguro-obligatorio-patinete-2026-registro-dgt\/\">Nuevo seguro obligatorio para patinetes el\u00e9ctricos en 2026: registro DGT y requisitos legales<\/a><time datetime=\"2026-02-11T13:00:31+01:00\" class=\"wp-block-latest-posts__post-date\">11 de febrero de 2026<\/time><div class=\"wp-block-latest-posts__post-excerpt\">El 30 de enero de 2026 se public\u00f3 en el BOE la creaci\u00f3n del Registro de Veh\u00edculos Personales Ligeros (VPL) en la DGT, paso imprescindible<\/div><\/li>\n<li><div class=\"wp-block-latest-posts__featured-image aligncenter\"><img loading=\"lazy\" decoding=\"async\" width=\"150\" height=\"150\" src=\"https:\/\/balaguergutierrez.es\/wp-content\/uploads\/2026\/01\/250804-BALAGUER-GUTIERREZ_MEME-RRSS-V2-150x150.webp\" class=\"attachment-thumbnail size-thumbnail wp-post-image\" alt=\"\u00danico n\u00famero de contacto (+34 971 451 651) y App de cliente de Balaguer &amp; Guti\u00e9rrez en Palma de Mallorca\" style=\"\" srcset=\"https:\/\/balaguergutierrez.es\/wp-content\/uploads\/2026\/01\/250804-BALAGUER-GUTIERREZ_MEME-RRSS-V2-150x150.webp 150w, https:\/\/balaguergutierrez.es\/wp-content\/uploads\/2026\/01\/250804-BALAGUER-GUTIERREZ_MEME-RRSS-V2-300x300.webp 300w, https:\/\/balaguergutierrez.es\/wp-content\/uploads\/2026\/01\/250804-BALAGUER-GUTIERREZ_MEME-RRSS-V2-230x230.webp 230w, https:\/\/balaguergutierrez.es\/wp-content\/uploads\/2026\/01\/250804-BALAGUER-GUTIERREZ_MEME-RRSS-V2-365x365.webp 365w, https:\/\/balaguergutierrez.es\/wp-content\/uploads\/2026\/01\/250804-BALAGUER-GUTIERREZ_MEME-RRSS-V2.webp 600w\" sizes=\"auto, (max-width: 150px) 100vw, 150px\" \/><\/div><a class=\"wp-block-latest-posts__post-title\" href=\"https:\/\/balaguergutierrez.es\/index.php\/2026\/01\/29\/unico-numero-whatsapp-fijo-app-cliente\/\">Un \u00fanico n\u00famero para llamadas y WhatsApp (+34 971 451 651) y nuestra nueva App de cliente<\/a><time datetime=\"2026-01-29T12:00:00+01:00\" class=\"wp-block-latest-posts__post-date\">29 de enero de 2026<\/time><div class=\"wp-block-latest-posts__post-excerpt\">A partir del 1 de febrero de 2026, simplificamos tu forma de contactarnos: el \u00fanico n\u00famero de Balaguer &amp; Guti\u00e9rrez (llamadas y WhatsApp) es +34<\/div><\/li>\n<li><div class=\"wp-block-latest-posts__featured-image aligncenter\"><img loading=\"lazy\" decoding=\"async\" width=\"150\" height=\"150\" src=\"https:\/\/balaguergutierrez.es\/wp-content\/uploads\/2025\/10\/proteccion-vida-salud-empresa-150x150.webp\" class=\"attachment-thumbnail size-thumbnail wp-post-image\" alt=\"Familia y empresario en Baleares conversando con un corredor de seguros en oficina moderna\" style=\"\" srcset=\"https:\/\/balaguergutierrez.es\/wp-content\/uploads\/2025\/10\/proteccion-vida-salud-empresa-150x150.webp 150w, https:\/\/balaguergutierrez.es\/wp-content\/uploads\/2025\/10\/proteccion-vida-salud-empresa-230x230.webp 230w, https:\/\/balaguergutierrez.es\/wp-content\/uploads\/2025\/10\/proteccion-vida-salud-empresa-365x365.webp 365w\" sizes=\"auto, (max-width: 150px) 100vw, 150px\" \/><\/div><a class=\"wp-block-latest-posts__post-title\" href=\"https:\/\/balaguergutierrez.es\/index.php\/2025\/10\/29\/proteccion-integral-para-tu-vida-tu-negocio-y-tu-patrimonio\/\">Protecci\u00f3n integral para tu vida, tu negocio y tu patrimonio<\/a><time datetime=\"2025-10-29T12:00:00+01:00\" class=\"wp-block-latest-posts__post-date\">29 de octubre de 2025<\/time><div class=\"wp-block-latest-posts__post-excerpt\">Vivir en Palma o tener un negocio en Baleares tiene muchas ventajas: la brisa mediterr\u00e1nea, el sol casi todo el a\u00f1o y un estilo de<\/div><\/li>\n<\/ul>","protected":false},"excerpt":{"rendered":"<p>Proteja su vivienda principal y secundaria de los riesgos que afectan al edificio (continente) y a su mobiliario y enseres personales (contenido) con el seguro que mejor se adapte a su condici\u00f3n de propietario o inquilino. Balaguer &amp; Guti\u00e9rrez le<\/p>\n","protected":false},"author":1,"featured_media":611,"parent":0,"menu_order":0,"comment_status":"closed","ping_status":"closed","template":"","meta":{"footnotes":""},"class_list":["post-610","page","type-page","status-publish","has-post-thumbnail","hentry","","tg-column-third"],"yoast_head":"<!-- This site is optimized with the Yoast SEO plugin v27.4 - https:\/\/yoast.com\/product\/yoast-seo-wordpress\/ -->\n<title>Seguro de Hogar - balaguergutierrez.es<\/title>\n<meta name=\"description\" content=\"Balaguer &amp; Gutierrez le asesora en el proceso de an\u00e1lisis y contrataci\u00f3n de su seguro del hogar, adaptando las sumas aseguradas y coberturas.\" \/>\n<meta name=\"robots\" content=\"index, follow, max-snippet:-1, max-image-preview:large, max-video-preview:-1\" \/>\n<link rel=\"canonical\" href=\"https:\/\/balaguergutierrez.es\/index.php\/seguro-de-hogar\/\" \/>\n<meta property=\"og:locale\" content=\"es_ES\" \/>\n<meta property=\"og:type\" content=\"article\" \/>\n<meta property=\"og:title\" content=\"Seguro de Hogar - balaguergutierrez.es\" \/>\n<meta property=\"og:description\" content=\"Balaguer &amp; Gutierrez le asesora en el proceso de an\u00e1lisis y contrataci\u00f3n de su seguro del hogar, adaptando las sumas aseguradas y coberturas.\" \/>\n<meta property=\"og:url\" content=\"https:\/\/balaguergutierrez.es\/index.php\/seguro-de-hogar\/\" \/>\n<meta property=\"og:site_name\" content=\"balaguergutierrez.es\" \/>\n<meta property=\"article:publisher\" content=\"https:\/\/www.facebook.com\/balaguergutierrezcs\/\" \/>\n<meta property=\"article:modified_time\" content=\"2025-03-03T18:58:30+00:00\" \/>\n<meta property=\"og:image\" content=\"https:\/\/balaguergutierrez.es\/wp-content\/uploads\/2024\/02\/hogar-1-e1708279970753.jpg\" \/>\n\t<meta property=\"og:image:width\" content=\"700\" \/>\n\t<meta property=\"og:image:height\" content=\"200\" \/>\n\t<meta property=\"og:image:type\" content=\"image\/jpeg\" \/>\n<meta name=\"twitter:label1\" content=\"Tiempo de lectura\" \/>\n\t<meta name=\"twitter:data1\" content=\"2 minutos\" \/>\n<script type=\"application\/ld+json\" class=\"yoast-schema-graph\">{\"@context\":\"https:\\\/\\\/schema.org\",\"@graph\":[{\"@type\":\"WebPage\",\"@id\":\"https:\\\/\\\/balaguergutierrez.es\\\/index.php\\\/seguro-de-hogar\\\/\",\"url\":\"https:\\\/\\\/balaguergutierrez.es\\\/index.php\\\/seguro-de-hogar\\\/\",\"name\":\"Seguro de Hogar - balaguergutierrez.es\",\"isPartOf\":{\"@id\":\"https:\\\/\\\/balaguergutierrez.es\\\/#website\"},\"primaryImageOfPage\":{\"@id\":\"https:\\\/\\\/balaguergutierrez.es\\\/index.php\\\/seguro-de-hogar\\\/#primaryimage\"},\"image\":{\"@id\":\"https:\\\/\\\/balaguergutierrez.es\\\/index.php\\\/seguro-de-hogar\\\/#primaryimage\"},\"thumbnailUrl\":\"https:\\\/\\\/balaguergutierrez.es\\\/wp-content\\\/uploads\\\/2024\\\/02\\\/hogar-1-e1708279970753.jpg\",\"datePublished\":\"2024-02-18T18:14:33+00:00\",\"dateModified\":\"2025-03-03T18:58:30+00:00\",\"description\":\"Balaguer & Gutierrez le asesora en el proceso de an\u00e1lisis y contrataci\u00f3n de su seguro del hogar, adaptando las sumas aseguradas y coberturas.\",\"breadcrumb\":{\"@id\":\"https:\\\/\\\/balaguergutierrez.es\\\/index.php\\\/seguro-de-hogar\\\/#breadcrumb\"},\"inLanguage\":\"es\",\"potentialAction\":[{\"@type\":\"ReadAction\",\"target\":[\"https:\\\/\\\/balaguergutierrez.es\\\/index.php\\\/seguro-de-hogar\\\/\"]}]},{\"@type\":\"ImageObject\",\"inLanguage\":\"es\",\"@id\":\"https:\\\/\\\/balaguergutierrez.es\\\/index.php\\\/seguro-de-hogar\\\/#primaryimage\",\"url\":\"https:\\\/\\\/balaguergutierrez.es\\\/wp-content\\\/uploads\\\/2024\\\/02\\\/hogar-1-e1708279970753.jpg\",\"contentUrl\":\"https:\\\/\\\/balaguergutierrez.es\\\/wp-content\\\/uploads\\\/2024\\\/02\\\/hogar-1-e1708279970753.jpg\",\"width\":700,\"height\":200},{\"@type\":\"BreadcrumbList\",\"@id\":\"https:\\\/\\\/balaguergutierrez.es\\\/index.php\\\/seguro-de-hogar\\\/#breadcrumb\",\"itemListElement\":[{\"@type\":\"ListItem\",\"position\":1,\"name\":\"Portada\",\"item\":\"https:\\\/\\\/balaguergutierrez.es\\\/\"},{\"@type\":\"ListItem\",\"position\":2,\"name\":\"Seguro de Hogar\"}]},{\"@type\":\"WebSite\",\"@id\":\"https:\\\/\\\/balaguergutierrez.es\\\/#website\",\"url\":\"https:\\\/\\\/balaguergutierrez.es\\\/\",\"name\":\"Balaguer & Guti\u00e9rrez, Corredur\u00eda de Seguros\",\"description\":\"Aseguramos lo que de verdad importa\",\"publisher\":{\"@id\":\"https:\\\/\\\/balaguergutierrez.es\\\/#organization\"},\"potentialAction\":[{\"@type\":\"SearchAction\",\"target\":{\"@type\":\"EntryPoint\",\"urlTemplate\":\"https:\\\/\\\/balaguergutierrez.es\\\/?s={search_term_string}\"},\"query-input\":{\"@type\":\"PropertyValueSpecification\",\"valueRequired\":true,\"valueName\":\"search_term_string\"}}],\"inLanguage\":\"es\"},{\"@type\":\"Organization\",\"@id\":\"https:\\\/\\\/balaguergutierrez.es\\\/#organization\",\"name\":\"Balaguer & Guti\u00e9rrez SL\",\"url\":\"https:\\\/\\\/balaguergutierrez.es\\\/\",\"logo\":{\"@type\":\"ImageObject\",\"inLanguage\":\"es\",\"@id\":\"https:\\\/\\\/balaguergutierrez.es\\\/#\\\/schema\\\/logo\\\/image\\\/\",\"url\":\"https:\\\/\\\/balaguergutierrez.es\\\/wp-content\\\/uploads\\\/2023\\\/03\\\/bg2014-Personalizado-1.png\",\"contentUrl\":\"https:\\\/\\\/balaguergutierrez.es\\\/wp-content\\\/uploads\\\/2023\\\/03\\\/bg2014-Personalizado-1.png\",\"width\":300,\"height\":56,\"caption\":\"Balaguer & Guti\u00e9rrez SL\"},\"image\":{\"@id\":\"https:\\\/\\\/balaguergutierrez.es\\\/#\\\/schema\\\/logo\\\/image\\\/\"},\"sameAs\":[\"https:\\\/\\\/www.facebook.com\\\/balaguergutierrezcs\\\/\",\"https:\\\/\\\/www.instagram.com\\\/balaguergutierrezsl\\\/\"]}]}<\/script>\n<!-- \/ Yoast SEO plugin. -->","yoast_head_json":{"title":"Seguro de Hogar - balaguergutierrez.es","description":"Balaguer & Gutierrez le asesora en el proceso de an\u00e1lisis y contrataci\u00f3n de su seguro del hogar, adaptando las sumas aseguradas y coberturas.","robots":{"index":"index","follow":"follow","max-snippet":"max-snippet:-1","max-image-preview":"max-image-preview:large","max-video-preview":"max-video-preview:-1"},"canonical":"https:\/\/balaguergutierrez.es\/index.php\/seguro-de-hogar\/","og_locale":"es_ES","og_type":"article","og_title":"Seguro de Hogar - balaguergutierrez.es","og_description":"Balaguer & Gutierrez le asesora en el proceso de an\u00e1lisis y contrataci\u00f3n de su seguro del hogar, adaptando las sumas aseguradas y coberturas.","og_url":"https:\/\/balaguergutierrez.es\/index.php\/seguro-de-hogar\/","og_site_name":"balaguergutierrez.es","article_publisher":"https:\/\/www.facebook.com\/balaguergutierrezcs\/","article_modified_time":"2025-03-03T18:58:30+00:00","og_image":[{"width":700,"height":200,"url":"https:\/\/balaguergutierrez.es\/wp-content\/uploads\/2024\/02\/hogar-1-e1708279970753.jpg","type":"image\/jpeg"}],"twitter_misc":{"Tiempo de lectura":"2 minutos"},"schema":{"@context":"https:\/\/schema.org","@graph":[{"@type":"WebPage","@id":"https:\/\/balaguergutierrez.es\/index.php\/seguro-de-hogar\/","url":"https:\/\/balaguergutierrez.es\/index.php\/seguro-de-hogar\/","name":"Seguro de Hogar - balaguergutierrez.es","isPartOf":{"@id":"https:\/\/balaguergutierrez.es\/#website"},"primaryImageOfPage":{"@id":"https:\/\/balaguergutierrez.es\/index.php\/seguro-de-hogar\/#primaryimage"},"image":{"@id":"https:\/\/balaguergutierrez.es\/index.php\/seguro-de-hogar\/#primaryimage"},"thumbnailUrl":"https:\/\/balaguergutierrez.es\/wp-content\/uploads\/2024\/02\/hogar-1-e1708279970753.jpg","datePublished":"2024-02-18T18:14:33+00:00","dateModified":"2025-03-03T18:58:30+00:00","description":"Balaguer & Gutierrez le asesora en el proceso de an\u00e1lisis y contrataci\u00f3n de su seguro del hogar, adaptando las sumas aseguradas y coberturas.","breadcrumb":{"@id":"https:\/\/balaguergutierrez.es\/index.php\/seguro-de-hogar\/#breadcrumb"},"inLanguage":"es","potentialAction":[{"@type":"ReadAction","target":["https:\/\/balaguergutierrez.es\/index.php\/seguro-de-hogar\/"]}]},{"@type":"ImageObject","inLanguage":"es","@id":"https:\/\/balaguergutierrez.es\/index.php\/seguro-de-hogar\/#primaryimage","url":"https:\/\/balaguergutierrez.es\/wp-content\/uploads\/2024\/02\/hogar-1-e1708279970753.jpg","contentUrl":"https:\/\/balaguergutierrez.es\/wp-content\/uploads\/2024\/02\/hogar-1-e1708279970753.jpg","width":700,"height":200},{"@type":"BreadcrumbList","@id":"https:\/\/balaguergutierrez.es\/index.php\/seguro-de-hogar\/#breadcrumb","itemListElement":[{"@type":"ListItem","position":1,"name":"Portada","item":"https:\/\/balaguergutierrez.es\/"},{"@type":"ListItem","position":2,"name":"Seguro de Hogar"}]},{"@type":"WebSite","@id":"https:\/\/balaguergutierrez.es\/#website","url":"https:\/\/balaguergutierrez.es\/","name":"Balaguer & Guti\u00e9rrez, Corredur\u00eda de Seguros","description":"Aseguramos lo que de verdad importa","publisher":{"@id":"https:\/\/balaguergutierrez.es\/#organization"},"potentialAction":[{"@type":"SearchAction","target":{"@type":"EntryPoint","urlTemplate":"https:\/\/balaguergutierrez.es\/?s={search_term_string}"},"query-input":{"@type":"PropertyValueSpecification","valueRequired":true,"valueName":"search_term_string"}}],"inLanguage":"es"},{"@type":"Organization","@id":"https:\/\/balaguergutierrez.es\/#organization","name":"Balaguer & Guti\u00e9rrez SL","url":"https:\/\/balaguergutierrez.es\/","logo":{"@type":"ImageObject","inLanguage":"es","@id":"https:\/\/balaguergutierrez.es\/#\/schema\/logo\/image\/","url":"https:\/\/balaguergutierrez.es\/wp-content\/uploads\/2023\/03\/bg2014-Personalizado-1.png","contentUrl":"https:\/\/balaguergutierrez.es\/wp-content\/uploads\/2023\/03\/bg2014-Personalizado-1.png","width":300,"height":56,"caption":"Balaguer & Guti\u00e9rrez SL"},"image":{"@id":"https:\/\/balaguergutierrez.es\/#\/schema\/logo\/image\/"},"sameAs":["https:\/\/www.facebook.com\/balaguergutierrezcs\/","https:\/\/www.instagram.com\/balaguergutierrezsl\/"]}]}},"_links":{"self":[{"href":"https:\/\/balaguergutierrez.es\/index.php\/wp-json\/wp\/v2\/pages\/610","targetHints":{"allow":["GET"]}}],"collection":[{"href":"https:\/\/balaguergutierrez.es\/index.php\/wp-json\/wp\/v2\/pages"}],"about":[{"href":"https:\/\/balaguergutierrez.es\/index.php\/wp-json\/wp\/v2\/types\/page"}],"author":[{"embeddable":true,"href":"https:\/\/balaguergutierrez.es\/index.php\/wp-json\/wp\/v2\/users\/1"}],"replies":[{"embeddable":true,"href":"https:\/\/balaguergutierrez.es\/index.php\/wp-json\/wp\/v2\/comments?post=610"}],"version-history":[{"count":13,"href":"https:\/\/balaguergutierrez.es\/index.php\/wp-json\/wp\/v2\/pages\/610\/revisions"}],"predecessor-version":[{"id":1032,"href":"https:\/\/balaguergutierrez.es\/index.php\/wp-json\/wp\/v2\/pages\/610\/revisions\/1032"}],"wp:featuredmedia":[{"embeddable":true,"href":"https:\/\/balaguergutierrez.es\/index.php\/wp-json\/wp\/v2\/media\/611"}],"wp:attachment":[{"href":"https:\/\/balaguergutierrez.es\/index.php\/wp-json\/wp\/v2\/media?parent=610"}],"curies":[{"name":"wp","href":"https:\/\/api.w.org\/{rel}","templated":true}]}}